
Let r(h) = -19*h - 14. Calculate r(-1).
5
Let m(a) = a**2 + 14*a - 4. Calculate m(-17).
47
Let z(m) = -m**2 + 15*m - 26. What is z(14)?
-12
Let k(s) = -s**2 + 10*s - 4. What is k(13)?
-43
Let b(a) = -a**3 - 4*a**2 - a + 5. Calculate b(-4).
9
Let g(t) = 23*t - 63. Determine g(5).
52
Let i(u) = 4*u**2 - 16*u. Give i(4).
0
Let s(w) = 7*w - 108. Give s(17).
11
Let u(v) = -v**2 - 11*v + 13. Determine u(-12).
1
Let c(m) = 7*m**2 - 33*m + 12. Give c(5).
22
Let g(n) = n**3 + 3*n**2 + 3*n + 7. What is g(-3)?
-2
Let g(r) = -3*r + 28. Give g(7).
7
Let d(c) = c**3 - 6*c**2 + 8*c - 9. What is d(4)?
-9
Let x(k) = -2*k**2 - 54*k - 151. Determine x(-3).
-7
Let r(s) = -68*s - 339. Give r(-5).
1
Let d(c) = -c**3 + c**2 + c - 4. Give d(2).
-6
Let b(l) = -37*l + 18. What is b(1)?
-19
Let b(a) = -17*a - 3. Calculate b(2).
-37
Let x(d) = -d**2 - 11*d + 101. Give x(6).
-1
Let v(n) = n**3 - 16*n**2 + 28*n + 23. What is v(14)?
23
Let z(y) = -7*y**2 - 3*y - 2. What is z(-1)?
-6
Let w(p) = -p - 28. Calculate w(-16).
-12
Let j(w) = 4*w**2 - 11*w + 10. Calculate j(1).
3
Let v(k) = 75*k**2 + k - 2. What is v(1)?
74
Let m(i) = i**2 + 16*i - 36. Calculate m(-17).
-19
Let s(r) = r**3 - 5*r**2 - 2*r + 2. Give s(5).
-8
Let u(f) = -f**2 - 14*f + 10. Calculate u(-11).
43
Let z(y) = y**2 - 9*y + 1. What is z(8)?
-7
Let n(g) = -g**3 + 5*g**2 - 2*g - 15. Calculate n(4).
-7
Let s(h) = -h**2 + 9*h. Give s(8).
8
Let m(w) = -w**2 + w + 6. Give m(-4).
-14
Let l(a) = -4*a**2 + 4*a - 4. What is l(-4)?
-84
Let d(t) = 2*t**2 + t + 88. Calculate d(0).
88
Let r(x) = -x**3 + 11*x**2 - 8*x + 2. Calculate r(10).
22
Let b(u) = u**3 - 10*u**2 + 5*u + 10. What is b(9)?
-26
Let y(p) = -p**2 + 7*p - 7. Calculate y(6).
-1
Let j(r) = -r**3 - 13*r**2 + 2*r + 16. Calculate j(-13).
-10
Let b(o) = 2*o**3 + o**2 + 2*o - 13. Give b(4).
139
Let o(w) = -w**2 + w + 2. Determine o(-4).
-18
Let s(u) = u**2 - 11*u + 8. Calculate s(4).
-20
Let x(k) = 9*k**3 + 2*k**2 - 1. Calculate x(1).
10
Let i(k) = -k**2 - 19*k + 48. Determine i(-19).
48
Let p(t) = t**2 + 5*t - 14. Give p(-7).
0
Let u(r) = -r**3 - 6*r**2 - 6*r - 1. What is u(-5)?
4
Let r(f) = -3*f + 16. Give r(11).
-17
Let n(x) = x**2 - x - 2. Determine n(0).
-2
Let x(h) = -h**2 + 12*h + 2. Give x(5).
37
Let v(u) = -u**3 + 10*u**2 + 57*u - 17. Give v(14).
-3
Let x(d) = -d**2 + 21*d - 80. What is x(15)?
10
Let m(x) = -5*x + 38. Calculate m(5).
13
Let r(j) = j**2 - 11*j + 8. What is r(7)?
-20
Let a(i) = -20*i - 9. Calculate a(2).
-49
Let s(f) = -4*f**2 + 3*f + 2. Calculate s(4).
-50
Let p(z) = -z + 6. What is p(-4)?
10
Let z(p) = -p**2 + 6*p - 6. Determine z(6).
-6
Let l(b) = b**2 - 10*b - 25. Give l(-2).
-1
Let x(a) = -21*a**2 - 2*a + 2. Calculate x(1).
-21
Let k(w) = 2*w**2 - 3*w - 2. Determine k(3).
7
Let c(d) = -3*d + 40. What is c(5)?
25
Let n(g) = g**2 - 9*g - 192. Determine n(19).
-2
Let m(x) = 3*x**2 + 45*x + 16. Determine m(-15).
16
Let p(f) = -f**2 + 10*f - 16. Determine p(10).
-16
Let r(p) = -p**2 + 23*p + 74. What is r(-3)?
-4
Let o(i) = -i**3 + i**2 + 128*i + 62. Calculate o(12).
14
Let v(h) = h**3 + 12*h**2 + h + 12. Calculate v(-12).
0
Let u(c) = -c**3 - 3*c**2 + 14*c - 17. Determine u(-7).
81
Let b(f) = f**3 - 8*f**2 - 9*f + 25. Give b(10).
135
Let t(m) = -37*m - 11. What is t(-1)?
26
Let g(m) = m**3 + 5*m**2 - 7*m - 2. Give g(-6).
4
Let i(n) = -127*n**2 - n - 1. Determine i(1).
-129
Let u(b) = b**3 - 7*b**2 - 8*b - 9. Determine u(8).
-9
Let n(k) = -k**2 + 10*k + 10. What is n(11)?
-1
Let r(p) = -13*p**2 - 4*p - 2. Determine r(-2).
-46
Let l(p) = 2*p**2 + 3*p + 31. Determine l(0).
31
Let x(i) = -3*i - 54. Determine x(-12).
-18
Let o(s) = -11*s + 8. Determine o(5).
-47
Let a(n) = n**3 + 4*n**2 - 2*n + 4. What is a(-4)?
12
Let i(n) = 28*n - 364. What is i(13)?
0
Let o(d) = -d**3 - 3*d**2 - d + 3. Calculate o(-3).
6
Let z(w) = 7*w**3 - 5*w**2 + 2. Give z(2).
38
Let u(d) = 4*d - 90. What is u(25)?
10
Let n(v) = v**2 + 3*v + 9. Give n(-5).
19
Let z(o) = -25*o + 174. Calculate z(7).
-1
Let b(f) = f**3 - 38*f**2 + 37*f. Determine b(37).
0
Let h(i) = 7*i + 53. Calculate h(-6).
11
Let v(y) = 3*y + 97. Give v(-34).
-5
Let t(y) = -y**3 + 14*y**2 + 2*y - 10. Calculate t(14).
18
Let j(t) = t - 3. Give j(-1).
-4
Let v(u) = u**3 + u**2 - 5*u + 7. Calculate v(-3).
4
Let a(p) = -6*p - 43. What is a(-9)?
11
Let d(x) = -x**2 + x - 41. Give d(0).
-41
Let q(r) = 2*r**3 + 11*r**2 - 3*r + 11. Give q(-6).
-7
Let i(y) = 24*y + 1. What is i(1)?
25
Let o(g) = -2*g + 21. Determine o(9).
3
Let b(n) = n**3 + n**2 - 61. What is b(0)?
-61
Let g(f) = 6*f + 18. Give g(-2).
6
Let m(i) = 6*i - 12. Give m(10).
48
Let k(y) = -3*y**3 - y**2 - 3*y - 5. Give k(-3).
76
Let g(f) = -f**2 - 2*f + 6. Calculate g(-3).
3
Let x(v) = 4*v**2 - 4*v + 15. What is x(5)?
95
Let d(c) = -c**2 - 20*c - 9. Give d(-19).
10
Let v(o) = -2*o + 3. Calculate v(0).
3
Let h(w) = w - 5. Calculate h(10).
5
Let o(p) = -p + 6. Determine o(0).
6
Let m(h) = -7*h - 35. Give m(-7).
14
Let a(b) = -b**3 - 6*b**2 + 9*b + 7. What is a(-7)?
-7
Let y(h) = -27*h**2 - 6*h - 5. Determine y(-1).
-26
Let t(r) = 20*r - 98. What is t(8)?
62
Let n(q) = -2*q**2 + q. What is n(2)?
-6
Let l(k) = -k + 33. Calculate l(31).
2
Let d(b) = 5*b - 4. Determine d(-1).
-9
Let d(g) = 21*g. Calculate d(1).
21
Let a(u) = -42*u + 170. Give a(5).
-40
Let x(i) = i**3 + i**2 + 2*i + 41. What is x(0)?
41
Let u(b) = -2*b**2 - 25*b + 9. Calculate u(-13).
-4
Let a(w) = -w**2 + 11*w + 13. What is a(9)?
31
Let w(a) = 4*a - 9. What is w(5)?
11
Let p(r) = 2*r + 7. Calculate p(2).
11
Let h(s) = 14*s - 4. Give h(-3).
-46
Let z(d) = -2*d + 4. Determine z(2).
0
Let c(y) = 11*y - 302. Determine c(28).
6
Let p(v) = -v**3 - 6*v**2 - 8*v - 10. Calculate p(-5).
5
Let m(h) = -3*h**2 + 2. Determine m(2).
-10
Let f(k) = 31*k + 312. What is f(-10)?
2
Let m(o) = -o**2 - 21*o - 25. Calculate m(-9).
83
Let m(a) = -a**3 + 2*a**2 + 22*a - 53. What is m(4)?
3
Let i(t) = 2*t - 1. Give i(9).
17
Let m(u) = 12*u + 1. Give m(8).
97
Let b(r) = -2*r**3 + 2*r**2 + 3*r + 3. Determine b(3).
-24
Let h(i) = -31*i**2 - 58*i - 2. Calculate h(-2).
-10
Let c(y) = -4*y + 38. Give c(5).
18
Let r(k) = 51*k + 1. Determine r(-1).
-50
Let u(i) = -4*i**2 + 2*i - 2. Determine u(1).
-4
Let y(b) = -6*b + 28. Determine y(6).
-8
Let i(h) = 6*h**2 - 29*h - 43. What is i(6)?
-1
Let j(c) = -c**2 + 4*c + 9. Give j(4).
9
Let o(s) = -s**2 - 12*s - 22. Determine o(-9).
5
Let b(f) = -2*f + 21. Give b(5).
11
Let b(p) = 4*p + 19. Give b(2).
27
Let s(k) = k**2 - 5*k + 191. Give s(0).
191
Let f(y) = -y**3 - 2*y**2 + 5. Calculate f(-2).
5
Let g(f) = -16*f - 30. Give g(-1).
-14
Let o(m) = m**2 + 2*m + 58. Calculate o(0).
58
Let n(a) = -a**3 + 9*a**2 - 7*a - 2. Calculate n(8).
6
Let h(x) = -58*x - 2. What is h(-2)?
114
Let o(c) = c**2 + 29*c - 21. What is o(-30)?
9
Let f(t) = -28*t - 38. Calculate f(-4).
74
Let j(o) = 2*o**2 + 26*o + 27. Determine j(-12).
3
Let l(j) = -4*j**2 - 3*j - 6. Calculate l(-4).
-58
Let b(u) = -u**3 - 6*u**2 - 6*u - 12. Give b(-5).
-7
Let x(n) = 16*n + 120. Determine x(-8).
-8
Let d(w) = w**2 + 15*w + 57. Determine d(-6).
3
Let d(s) = s**2 + s - 8. Calculate d(0).
-8
Let y(b) = -2*b + 8. Determine y(12).
-16
Let x(r) = 4*r - 65. What is x(14)?
-9
Let t(z) = z**3 - 34*z**2 + 3*z - 96. What is t(34)?
6
Let m(x) = 7*x + 2. What is m(1)?
9
Let c(a) = -37*a - 258. What is c(-7)?
1
Let i(o) = 62*o + 8. Calculate i(-1).
-54
Let d(v) = -v**2 + 14*v - 39. What is d(10)?
1
Let w(r) = -3*r**2 + 2*r + 2. What is w(-2)?
-14
Let y(d) = d + 17. Give y(-11).
6
Let x(y) = -y**3 + 3*y**2 + 6. Give x(4).
-10
Let g(u) = -32*u**2 + 4*u + 3. Calculate g(-1).
-33
Let q(x) = -4*x**2 + 6*x + 3. What is q(5)?
-67
Let l(h) = 13*h + 16. Determine l(-3).
-23
Let m(p) = -p**3 - 28*p**2 - 4*p - 113. Determine m(-28).
-1
Let g(b) = b**3 + 5*b**2 - b + 5. Calculate g(-4).
25
Let u(c) = -c**3 + 3*c**2 + 2*c + 2. Give u(-2).
18
Let g(v) = -17*v + 98. What is g(6)?
-4
Let y(s) = 4*s + 4. Determine y(4).
20
Let j(v) = -2*v**2 + 4*v + 3. Calculate j(-1).
-3
Let u(m) = -8*m - 80. Give u(-11).
8
Let u(c) = c**3 - 40*c**2 + 41*c - 89. Give u(39).
-11
Let g(o) = -o**3 - 14*o**2 - 13*o - 14. Give g(-13).
-14
Let h(c) = c**3 + 9*c**2 - 14*c - 13. What is h(-10)?
27
Let s(r) = r**2 - 6*r - 5. What is s(6)?
-5
Let r(m) = -m**3 + 28*m**2 + 2